 prime factors of 153720391?
11, 1451, 9631
List the prime factors of 6883886.
2, 3441943
List the prime factors of 317490683.
131, 2423593
List the prime factors of 1507302540.
2, 3, 5, 73, 38237
What are the prime factors of 583726137?
3, 194575379
What are the prime factors of 2031689751?
3, 7, 13, 23, 491, 659
List the prime factors of 97863934.
2, 7, 17, 411193
List the prime factors of 549222081.
3, 183074027
What are the prime factors of 17236676?
2, 4309169
What are the prime factors of 28372735?
5, 5674547
List the prime factors of 71382466.
2, 73, 488921
What are the prime factors of 43179225?
3, 5, 575723
What are the prime factors of 73411634?
2, 36705817
What are the prime factors of 50309067?
3, 16769689
What are the prime factors of 6476270986?
2, 257, 419, 30071
List the prime factors of 211385768.
2, 11, 683, 3517
List the prime factors of 30418451.
7, 4345493
List the prime factors of 49122062.
2, 11, 2232821
What are the prime factors of 61667609?
4651, 13259
What are the prime factors of 305433820?
2, 5, 1571, 9721
List the prime factors of 1663438455.
3, 5, 7, 31, 170347
What are the prime factors of 203715896?
2, 17, 1497911
What are the prime factors of 3904663626?
2, 3, 216925757
List the prime factors of 386944810.
2, 5, 7, 1097, 5039
What are the prime factors of 157924158?
2, 3, 7, 537157
What are the prime factors of 32525543?
32525543
What are the prime factors of 24973323?
3, 17, 489673
List the prime factors of 50760706.
2, 41, 619033
What are the prime factors of 4031826179?
31, 109, 683, 1747
What are the prime factors of 855962256?
2, 3, 1609, 11083
List the prime factors of 30957961.
3169, 9769
List the prime factors of 379585792.
2, 17, 87221
List the prime factors of 233871466.
2, 116935733
What are the prime factors of 43122329?
43122329
What are the prime factors of 23559584?
2, 41, 17957
What are the prime factors of 2008993688?
2, 13, 31, 139, 4483
List the prime factors of 126213118.
2, 1669, 37811
List the prime factors of 37228254.
2, 3, 7, 886387
What are the prime factors of 30812095?
5, 277, 22247
List the prime factors of 140499889.
19, 7394731
List the prime factors of 76485239.
73, 563, 1861
List the prime factors of 2749965920.
2, 5, 13, 547, 2417
What are the prime factors of 597594951?
3, 43, 35911
List the prime factors of 1169231622.
2, 3, 13, 53, 282833
List the prime factors of 959763962.
2, 53, 9054377
List the prime factors of 6159869665.
5, 337, 3655709
What are the prime factors of 779359408?
2, 48709963
List the prime factors of 6463244234.
2, 223, 14491579
What are the prime factors of 182985619?
653, 280223
What are the prime factors of 121415937?
3, 127, 318677
What are the prime factors of 35090665?
5, 199, 35267
List the prime factors of 44364080.
2, 5, 61, 9091
What are the prime factors of 96569352?
2, 3, 11, 121931
List the prime factors of 7616765.
5, 13, 17, 61, 113
What are the prime factors of 40452207?
3, 43, 313583
What are the prime factors of 8685856?
2, 71, 3823
List the prime factors of 374949621.
3, 67, 207269
List the prime factors of 118077332.
2, 479, 61627
List the prime factors of 2586185373.
3, 4177, 206383
List the prime factors of 726935566.
2, 7, 673, 77153
List the prime factors of 234287604.
2, 3, 6507989
What are the prime factors of 134832023?
134832023
What are the prime factors of 697980624?
2, 3, 11, 31, 42643
What are the prime factors of 177456500?
2, 5, 13, 23, 1187
What are the prime factors of 248961203?
248961203
What are the prime factors of 179088565?
5, 47, 769, 991
List the prime factors of 6439704350.
2, 5, 1667, 77261
What are the prime factors of 10379440?
2, 5, 23, 5641
What are the prime factors of 162721596?
2, 3, 23, 163, 3617
What are the prime factors of 102566674?
2, 7, 19, 385589
List the prime factors of 633457338.
2, 3, 43, 2455261
List the prime factors of 66143358.
2, 3, 461, 2657
List the prime factors of 558312.
2, 3, 43, 541
What are the prime factors of 20249893?
20249893
What are the prime factors of 64029004?
2, 13, 17, 72431
List the prime factors of 1429528281.
3, 67, 137, 51913
List the prime factors of 5649143578.
2, 13, 31, 181, 38723
List the prime factors of 406998956.
2, 7, 13, 43, 26003
What are the prime factors of 551941802?
2, 37, 1951, 3823
What are the prime factors of 3146192462?
2, 7, 224728033
What are the prime factors of 56073566?
2, 97, 289039
What are the prime factors of 618654399?
3, 11, 151, 124153
What are the prime factors of 1551870769?
47, 1319, 25033
What are the prime factors of 6580987742?
2, 7, 17, 27651209
List the prime factors of 629171396.
2, 7, 19, 179, 6607
List the prime factors of 7408399.
37, 200227
What are the prime factors of 61373012?
2, 113, 135781
What are the prime factors of 1625353362?
2, 3, 911, 99119
List the prime factors of 33284550.
2, 3, 5, 13, 101
What are the prime factors of 101012924?
2, 103, 245177
What are the prime factors of 47825835?
3, 5, 487, 6547
List the prime factors of 201794893.
23, 61, 143831
List the prime factors of 806480895.
3, 5, 11, 4887763
List the prime factors of 74316393.
3, 31, 88789
What are the prime factors of 78722728?
2, 7, 127, 11069
List the prime factors of 4836170076.
2, 3, 53, 1549, 4909
List the prime factors of 626211515.
5, 125242303
List the prime factors of 3300104498.
2, 17, 137, 708481
List the prime factors of 264842171.
11, 23, 1046807
List the prime factors of 1299594298.
2, 59, 283, 38917
List the prime factors of 121109554.
2, 60554777
What are the prime factors of 65493250?
2, 5, 261973
List the prime factors of 176180747.
176180747
What are the prime factors of 3438829630?
2, 5, 311, 761, 1453
List the prime factors of 1011457557.
3, 11, 797, 4273
What are the prime factors of 552119416?
2, 23, 283, 461
What are the prime factors of 3881879854?
2, 19, 29, 101, 34877
What are the prime factors of 2294431350?
2, 3, 5, 17, 883, 1019
What are the prime factors of 358721293?
7, 103, 157, 3169
What are the prime factors of 607573480?
2, 5, 1559, 9743
List the prime factors of 959761859.
7, 107, 167, 7673
What are the prime factors of 1177499477?
7, 11, 15292201
What are the prime factors of 10825800?
2, 3, 5, 18043
What are the prime factors of 161073731?
7, 13, 53, 367
What are the prime factors of 32091631?
11, 13, 17, 43, 307
What are the prime factors of 18570387?
3, 11, 562739
List the prime factors of 104968057.
467, 224771
What are the prime factors of 558673606?
2, 19, 14701937
List the prime factors of 33206432.
2, 7, 148243
What are the prime factors of 476817061?
7, 79, 101, 8537
List the prime factors of 266520919.
7, 31, 149, 8243
List the prime factors of 59564260.
2, 5, 7, 17, 29, 863
What are the prime factors of 42971827?
71, 605237
List the prime factors of 1620787180.
2, 5, 81039359
What are the prime factors of 721613551?
163, 4427077
What are the prime factors of 560154247?
2767, 202441
List the prime factors of 131407160.
2, 5, 59, 55681
What are the prime factors of 267639146?
2, 5701, 23473
List the prime factors of 100398183.
3, 271, 123491
List the prime factors of 2558133240.
2, 3, 5, 13, 1639829
List the prime factors of 450025373.
7, 223, 288293
What are the prime factors of 1101448409?
541, 2035949
What are the prime factors of 1968283593?
3, 149, 1467773
List the prime factors of 305008383.
3, 101669461
What are the prime factors of 23869101?
3, 23, 31, 11159
List the prime factors of 61654231.
61654231
List the prime factors of 23773243.
13, 29, 63059
What are the prime factors of 879406578?
2, 3, 16285307
What are the prime factors of 375747213?
3, 125249071
What are the prime factors of 88952013?
3, 83, 101, 131
List the prime factors of 244018307.
13, 53, 354163
What are the prime factors of 47038295?
5, 53, 139, 1277
List the prime factors of 91743935.
5, 2203, 8329
What are the prime factors of 132749722?
2, 7, 1354589
What are the prime factors of 1110361494?
2, 3, 11, 17, 199, 4973
What are the prime factors of 604752633?
3, 4931, 13627
List the prime factors of 873116773.
229, 3812737
List the prime factors of 56883127.
7, 8126161
List the prime factors of 64521466.
2, 103, 313211
List the prime factors of 1737563678.
2, 263, 3303353
List the prime factors of 530619764.
2, 